e prime factors of v(a)?
2, 3
Suppose -3*a + 0*u + 299 = -2*u, -4*u = 3*a - 329. List the prime factors of a.
103
Let l be 1*(-2 - -1)*9. Let i = l + 19. What are the prime factors of i?
2, 5
Suppose 2*j - 9 = u - 0*u, 22 = 5*j - 2*u. Suppose -j*x - z = -49, 4*x - 3*z = -0*z + 45. What are the prime factors of x?
2, 3
Suppose -2*r - r = 24. Let f(t) be the third derivative of t**6/120 + 3*t**5/20 + 7*t**4/24 - t**3/2 + 2*t**2. What are the prime factors of f(r)?
5
Let l = 22 + -19. Suppose 0 = -5*m + l*m + 36. What are the prime factors of m?
2, 3
Let j(m) = 4*m - 1 + 1. Let w = -3 - -4. What are the prime factors of j(w)?
2
List the prime factors of (-18)/42 - 286/(-14).
2, 5
Suppose u - 4 = -i + 2*u, i = -5*u + 10. Let h be (0 - 1) + 2 + 0. Let d = i - h. What are the prime factors of d?
2
What are the prime factors of (-1)/(-3) - 814/(-33)?
5
Suppose -w + 2*g - 7 = 0, -5*w - g + 3 = -6. List the prime factors of ((-1)/(1/(-22)))/w.
2, 11
List the prime factors of 11/((-42)/22 - 2/(-1)).
11
Let d = -8 + 71. What are the prime factors of d?
3, 7
Suppose 5*k - 3*x = -49, 5*k - 18 + 43 = -5*x. Let r be (-40)/3 + k/12. Let n = -5 - r. List the prime factors of n.
3
Suppose -5*g + 465 = 2*x, -x = 3*g + 2*x - 279. List the prime factors of g.
3, 31
Let d(v) = v - 9. Let h be d(7). List the prime factors of (h + 1)/((-5)/205).
41
Let d = 5 + -1. Suppose j + d = -0*j. What are the prime factors of 70/9 + j/(-18)?
2
Let s = 26 + 150. What are the prime factors of s?
2, 11
List the prime factors of (2 - 68*(-6)/4) + 0.
2, 13
Suppose -5*u - 34 = -3*d - 0*u, d + 5*u = 38. What are the prime factors of d?
2, 3
Let m(f) = -f**2 - 13*f + 8. List the prime factors of m(-12).
2, 5
Suppose 4*s - s = -24. Let c(m) = -m**2 - 7*m + 17. List the prime factors of c(s).
3
Let c be (8/(-10))/((-2)/5). Let q be 2 + c + (-2 - -2). Suppose -q*v = 3*i - 22, -v + 21 = 3*i + 2*v. What are the prime factors of i?
2, 3
Let i(u) = 1 + 6*u**2 + u**2 - u**2 + u. Suppose 4*y = -0*h - 4*h - 12, 4*y = -8. List the prime factors of i(h).
2, 3
Suppose 3*g = -g + 76. Suppose 0 = -3*z - h + g, -5*z - 2*h + 16 = -17. Suppose 4*y - 96 = -z*a, 3 = -2*y + 1. List the prime factors of a.
2, 5
Suppose 6*k - 929 = 391. What are the prime factors of k?
2, 5, 11
Let p(s) = s**2 + 8*s - 13. Let k be p(10). Let l = k + -111. What are the prime factors of l?
2, 7
Let s = 0 + 33. What are the prime factors of s?
3, 11
List the prime factors of (-2)/3 - 128/(-12).
2, 5
Let x(i) = 6*i**2 - 4*i + 2. Suppose -3*v + 38 = -2*d, -16 = -4*v + 2*d + 34. Suppose -3*s - 16 = s, -s = -4*o + v. What are the prime factors of x(o)?
2, 3
Suppose 6*c = 8*c - 30. Suppose 0*v = v - c. What are the prime factors of v?
3, 5
Let f(o) = -5*o - o**2 + 5*o + 14. Let k = 5 - 5. List the prime factors of f(k).
2, 7
Let z = 33 + -73. Let f = -29 - z. What are the prime factors of f?
11
Suppose 63 = 5*d + 2*g - 0*g, -2*d + 29 = -3*g. What are the prime factors of d?
13
Suppose -3*h + 3*r = 3, 0*r + 4 = -3*h + 4*r. Let i be h + (1 - 0) + 6. Suppose -i*u - m = -2*u - 54, 12 = 3*m. List the prime factors of u.
2, 5
What are the prime factors of 5/((-125)/15) + 1958/5?
17, 23
Suppose 89 = 2*r - l, 4*l - 10 = -2*r + 94. Suppose 0 = -5*z + r + 49. List the prime factors of z.
19
Let n(r) = 2*r. Let m be n(1). Let j be (0 + -2)/((-1)/m). Suppose j*o = -3*c + 13, -3*o + 13 = 5*c - 16. What are the prime factors of c?
7
What are the prime factors of -100*((-41)/12 - 2/6)?
3, 5
Let b = 10 - 7. Suppose 5*f - 3*i = -6, -b*i = 4*f - 7*f. What are the prime factors of (0 + -3)*10/f?
2, 5
Let a(t) = -t**2 - 8*t + 6. Suppose -5*x = -10 - 10. Let p = x - 11. What are the prime factors of a(p)?
13
Let m be (72/45)/((-4)/(-150)). Suppose 2*q = 7*q - m. What are the prime factors of q?
2, 3
List the prime factors of (-2 + 8)/(9/42).
2, 7
Suppose -3 = s, 4*u - 240 - 148 = -4*s. What are the prime factors of u?
2, 5
Let c be (-6 + 2)*(-2 + 1). Suppose 3*n = n - w - c, 0 = 5*n - 3*w - 12. List the prime factors of 3 - (2 + n + -2).
3
Suppose 4*m - 35 = 13. What are the prime factors of m?
2, 3
Let b(t) be the second derivative of t**4/12 + t**3/6 + 3*t. Let z be b(2). Let r(x) = x**2 - 6*x + 5. List the prime factors of r(z).
5
Let b(v) = 7*v**2 - v - 1. Let u be b(1). Suppose -u*z + 15 = -65. List the prime factors of z.
2
Let t(v) = v**2 + 1. Suppose 0*y = -d + 2*y + 7, 12 = -4*d - 2*y. What are the prime factors of t(d)?
2
Suppose -3*l - l = s - 107, 92 = 4*l + 4*s. List the prime factors of l.
2, 7
Let p(w) = w**2 + 4*w - 3. Let s be p(-5). Suppose -s*j + 4*t + 4 = 0, 2*j - 8 = -t + 1. What are the prime factors of j?
2
Let f(k) = 4*k**2 + 6*k + 2. Let d(t) = 3*t**2 + 4*t + 1. Let m(n) = 7*d(n) - 5*f(n). Let h = -11 + 16. List the prime factors of m(h).
2, 3
Let q = 2 - -7. Suppose -2*d = -19 - q. List the prime factors of d.
2, 7
Suppose -5*i - 2 + 17 = 0. Let x = i + 17. What are the prime factors of x?
2, 5
Let j(d) = -d + 10. Let r be j(10). Let n(u) = -u**3 + u + 3. Let h be n(r). Suppose p - 29 = -3*g, -h*p - 48 = -4*g - 2*p. List the prime factors of g.
11
Let u(w) = -w**2 + 8*w + 13. Suppose 16 + 2 = 2*f. Let l be u(f). Suppose 4 = 4*p - l. List the prime factors of p.
2
List the prime factors of 12 - 14 - (-58 + 0).
2, 7
List the prime factors of (-1 - -2)/(-1*1/(-68)).
2, 17
Let k(c) = -3*c - 7. Let f(x) = 7*x + 13. Let g(l) = 6*f(l) + 11*k(l). Let s = -2 - -3. List the prime factors of g(s).
2, 5
Let l = 860 + -567. List the prime factors of l.
293
Let x be ((-1)/2)/((-2)/(-16)). Let v be (-2)/(-2)*(x - -1). What are the prime factors of 5 + v - (1 - 2)?
3
Let p = 10 - 7. Suppose 0 = 5*y - p*y - 40. What are the prime factors of y?
2, 5
Let g = -5 + -1. What are the prime factors of g/(-2) - -26 - -2?
31
Let o(z) = 13*z - 3. List the prime factors of o(10).
127
Let s be 387/(-12) - 6/(-24). Let w = 19 - s. What are the prime factors of w?
3, 17
Let w(r) = 3*r. Suppose h = -5*q + 12, 0 = h + 4*q - 3*q - 4. Suppose 0 = -0*c - c + h. List the prime factors of w(c).
2, 3
Let d(o) = -o**3 + 21*o**2 + 3*o - 4. List the prime factors of d(21).
59
Let m(y) = -y**2 - 1 + 10*y - 2 - 2 + 2. What are the prime factors of m(6)?
3, 7
Suppose -3*y + 74 = 4*m, y = 4*y + 5*m - 79. What are the prime factors of ((-4)/(-6))/(4/y)?
3
Let d be ((-4)/6)/(4/(-18)). Let z(r) = 12*r**2 - r + 1. Let w be z(1). Suppose -d*b = -b - w. List the prime factors of b.
2, 3
Suppose 5*c + 54 = 3*c. What are the prime factors of c/(-18)*(-22)/(-3)?
11
Let r = -398 + 696. What are the prime factors of r?
2, 149
Let h(p) = 63*p - 7. What are the prime factors of h(1)?
2, 7
Let x = -46 + 70. Suppose 2*l - 24 = -l. Suppose -4*p + x + l = 0. List the prime factors of p.
2
Suppose -2*c - 138 = -2*h, 11 = -h + 5*c + 64. What are the prime factors of h?
73
Let t = -23 - -37. List the prime factors of t.
2, 7
Let b = 7 + 2. Let a(k) = k**2 - 8*k + 13. What are the prime factors of a(b)?
2, 11
List the prime factors of 0 - -1*(-100)/(-5).
2, 5
Suppose 4 = 4*m - 4. Suppose 0*v + 22 = m*v. List the prime factors of v.
11
Let l = 9 - -16. List the prime factors of l.
5
Let z(v) = v**3 + 3*v**2 - 7*v + 5. List the prime factors of z(-4).
17
Let s(b) be the third derivative of -b**6/120 - b**4/12 - b**3/2 - 8*b**2. List the prime factors of s(-2).
3
Let d = -5 - -8. Suppose -2*j + d*o - 2*o + 10 = 0, -5*j - o = -32. List the prime factors of (-3)/j*(2 - 10).
2
Suppose 0*a + a = 18. List the prime factors of a.
2, 3
Let r(x) = -105*x + 7. What are the prime factors of r(-1)?
2, 7
Let t = -4 + 12. Let h = 14 - t. List the prime factors of h.
2, 3
Let w = -17 + 125. Suppose 3*h = -3 + w. What are the prime factors of h?
5, 7
What are the prime factors of 58/3 - (-9)/(-27)?
19
Let v(s) = 21*s**3 + s**2 + 2*s - 2. List the prime factors of v(1).
2, 11
Let t(b) = b**3 + 10*b**2 + 8*b - 3. What are the prime factors of t(-9)?
2, 3
Let r(c) = c - 1. Let j be r(2). Let y be (-273)/(-9) + j/(-3). What are the prime factors of (-10)/4*(-108)/y?
3
Let s = -45 + 85. List the prime factors of s.
2, 5
Let u(v) = 2*v**2 + v. Let r be u(-2). Suppose 4 = -4*b, 2*g - 5*b = -1 + r. Suppose g = -6*f + 8*f - 28. What are the prime factors of f?
2, 7
Let x be 4/(-1)*(-10)/8. Let m = x + 0. What are t